Let z(m) = m**3 + 9*m**2 + m + 11. Let u be z(j). Let a(w) = 3*w**2 + 6*w + u*w**2 - 4*w**2. Determine a(-5).
-5
Let j be -5 + 3 - (3/1 + -2). Let w(c) = -c**2 - 5*c - 2. Give w(j).
4
Let p(r) = -r**3 - 4*r**2 - 2*r + 1. Suppose -2*d = -0*d + 6. Let q be p(d). Let l be ((-30)/25)/(q/5). Let w(v) = -v**2 + 3*v - 1. Calculate w(l).
-1
Let o(x) = x**2 + x. Let g be o(4). Suppose -m = -3*m + g. Suppose -2*a + m = -0*a. Let n(d) = d**2 - 4*d - 4. What is n(a)?
1
Let z(b) = b - 3. Let w be z(8). Suppose 2 = 3*q + w. Let h(o) = 2*o**3 - 2*o - 1. Give h(q).
-1
Let h(i) = i**2 - 10*i - 6. Let o be h(10). Let c(g) be the second derivative of -g**4/12 - g**3/2 + 7*g**2/2 - g. What is c(o)?
-11
Let f be (-111)/21 - 2/(-7). Let q(j) = -j**3 - 5*j**2 - 2*j - 2. Calculate q(f).
8
Let x(y) = -y**2 + 4*y + 6. Let l be x(5). Suppose -3*g - 2*o + 14 = -g, -2*g + 14 = -3*o. Let p(i) = 2*i - g*i + 1 + 1 - 3. Determine p(l).
-6
Let d = 4 - 4. Suppose -3*l - 5*g + d + 3 = 0, 0 = 3*l - 3*g + 21. Let f(o) = o**3 + 5*o**2 + 6*o + 5. Determine f(l).
-3
Let t(f) be the third derivative of -5*f**4/24 + f**2. Let g(d) = -d**3 + 5*d**2 - 4*d - 1. Let h be g(4). Calculate t(h).
5
Let g(b) be the third derivative of -b**6/120 - 7*b**5/60 - b**4/3 - 5*b**3/6 - 10*b**2. Calculate g(-6).
7
Let z(f) = 5*f**2 - 3*f + 2. Let x be z(1). Let n(p) = p**2 - 2*p - 2. Determine n(x).
6
Suppose 2*d = -d + 6. Let s be (3 - d)*(2 - 2). Suppose -5*b + b - a + 1 = 0, 4*b - 2*a + 14 = s. Let j(x) = -9*x. What is j(b)?
9
Let d be 2/4 + (-106)/4. Let g be d/(-6) + 4/6. Let x(h) be the first derivative of -h**3/3 + 3*h**2 - 2*h - 307. Give x(g).
3
Let z(o) = 5*o**3 - o**2 + o - 1. Suppose 1 = 4*i - 3. Let c = 0 - i. Let g be 1*c/2*-2. Give z(g).
4
Let t(y) be the second derivative of -y**3/6 - y**2/2 - 18*y. Determine t(3).
-4
Suppose -5 = -3*d + 7. Let v(y) = 3*y - 1. Let j(o) = 10*o - 4. Let q(r) = 5*j(r) - 16*v(r). What is q(d)?
4
Let d be (-2)/3*60/(35/(-7)). Let j(g) = g**3 - 9*g**2 + 7*g + 3. What is j(d)?
-5
Suppose -2*i + 7*i - 20 = 0. Let l(k) be the second derivative of -k**5/20 + k**4/2 - 7*k**3/6 + 5*k**2/2 + 5*k + 1. What is l(i)?
9
Suppose -9 = 2*r - 3*q, 5*q - 3 = -3*r + 12. Suppose g + r = 2. Suppose 0 = 3*x + x - 2*v + 22, 4*v = g*x + 14. Let i(n) = 2*n + 2. Determine i(x).
-8
Let k(u) = 6 - 5*u**2 + 4*u**2 - 5 + 8*u - 2. Give k(7).
6
Let r(p) = 2*p - p + 0*p - 6. Let y be r(6). Suppose k - 19 = -4*h - 1, y = -3*h + 9. Let u(f) = f**2 - 7*f + 7. What is u(k)?
1
Let j be 1 + -8 + 2/(-2). Let o = j + 8. Let i(t) = -t - 4. Determine i(o).
-4
Let s(k) = -2*k + 4. Let z(m) = -2*m + 30. Let g be z(12). Calculate s(g).
-8
Let k = 0 - 11. Let q = 18 + k. Let m(p) = -4 + 3*p**2 + q*p - p - 4*p**2. What is m(5)?
1
Let c(s) = -s**2 - 6*s + 1. Suppose -10 = 5*t - 3*t. Determine c(t).
6
Let m(l) be the third derivative of l**5/60 + l**4/4 + 2*l**3/3 + l**2. Let k = 6 + -3. Suppose 12 = -k*w - 0. Give m(w).
-4
Let j be (-2)/(-2)*(0 + 1). Let k(s) be the third derivative of s**6/360 + s**5/120 + s**3 + 5*s**2. Let h(a) be the first derivative of k(a). Calculate h(j).
2
Let y be (-172)/36 - (-2)/(-9). Suppose -2*o = 2*p - 6, -p + 4 - 1 = 2*o. Let z(m) = 4 + m**2 + 2*m + 4*m + o*m**2. What is z(y)?
-1
Let h(p) be the third derivative of -p**9/60480 - p**8/6720 + p**7/5040 - p**6/180 - 2*p**5/15 - 11*p**2. Let l(d) be the third derivative of h(d). Give l(-4).
8
Suppose 4*j + 3*a = -7, j + 4*a + 1 = -17. Let u(t) = t**2 - t + 1. Give u(j).
3
Let t(s) = -s**2 + 3*s + 6. Let z(n) = 6*n**2 - 14*n - 31. Let b(y) = 11*t(y) + 2*z(y). Calculate b(-5).
4
Let v(l) = 2*l - 3. Suppose -15 = -z - 0*z. Suppose 5*m = z + 30. Suppose 4*h = m*h - 25. Give v(h).
7
Let v be ((-6)/(-9))/(2/6). Let a(q) be the third derivative of q**v + 0 - 1/30*q**5 + 0*q + 0*q**4 - 1/6*q**3. Calculate a(-2).
-9
Let z(i) = 7 - 3 + i + 3. Let d be z(-4). Let s(x) be the second derivative of x**3/6 - x**2 - x. Give s(d).
1
Let k be (-1)/(-4) - (-3)/(-24)*18. Let w(j) = j**2 - j - 1. Let d(r) = 4*r**2 - 7*r - 6. Let i(m) = -2*d(m) + 10*w(m). What is i(k)?
2
Let f(w) = -w**2 + 6*w - 9*w**2 + w**3 - 3 + 3*w**2. Give f(6).
-3
Let o(b) = 5*b**2 - 5*b**2 - b + 6*b**2. Give o(1).
5
Let s be 0 + 2*2/(-4). Let o = -4 - s. Let l(y) = -y - 5. Give l(o).
-2
Let s(z) = -7*z**3 + z**2 - z - 1. Let h(l) = -2*l - 45. Let t be h(-22). Calculate s(t).
8
Let c be 4 - -1*(1 + -1). Let b(h) = 1 - 4*h**2 + 7*h**2 + 5*h - 4*h**2 - h. Let z(q) = -q**2 + 4*q + 1. Let o(l) = -5*b(l) + 6*z(l). Calculate o(c).
1
Let x(j) be the third derivative of j**4/12 + j**3/2 - j**2. Let y(u) be the second derivative of u**4/12 + u**3/6 - u**2 + 3*u. Let z be y(0). What is x(z)?
-1
Let k(i) = 3*i**3 + 13*i**2 - 3*i - 15. Let a(t) = 4*t**3 + 19*t**2 - 4*t - 22. Let u(z) = -5*a(z) + 7*k(z). What is u(4)?
1
Let a(y) = -2*y - 4. Let d(c) = 4*c + 10. Let b(s) = 5*a(s) + 2*d(s). Calculate b(8).
-16
Let q(s) = s**2 + 3*s + 5. Let t = -19 + 15. What is q(t)?
9
Let l = 20 + -18. Let i(v) = 2*v**2 - 3*v. Determine i(l).
2
Let h(m) = -m + 6. Let f(l) = -1. Let n(o) = 3*f(o) - h(o). Let x(t) = 8. Let d(i) = -2*n(i) - 3*x(i). Give d(-5).
4
Suppose -8 = -5*s + 4*r + 17, -s + 3*r = -16. Let t = 8 + -3. Let v(c) = c + 0 - 4*c - s + t*c. Determine v(-2).
-5
Let q be 18/12*(0 + 2). Let l = -1 + q. Let b(v) = -v + 4. Give b(l).
2
Suppose -5 = 2*n + 1. Let r(o) be the second derivative of o**4/24 + 2*o**3/3 + o**2/2 + o. Let j(s) be the first derivative of r(s). Give j(n).
1
Let f(h) = h**3 + 11*h**2 + 12*h + 20. Let r be f(-10). Let a(d) be the second derivative of -1/3*d**3 + d + 1/10*d**5 + d**2 - 1/6*d**4 + r. Calculate a(2).
6
Let p(n) = n + 1. Let j(i) = -4*i - 1. Let x(c) = -j(c) - 2*p(c). What is x(-2)?
-5
Let u be 0/(-2 + 4) - -1. Let a be 0*u/(-2 - 0). Let r(j) = j**2 - 3*j - 3. Let g(z) = z**2 - 4*z - 2. Let n(t) = 2*g(t) - 3*r(t). Determine n(a).
5
Let f(a) = 1 + 2 + a**2 - 5. Let z(d) = 2*d**2 - d - 5. Let x(h) = 5*f(h) - 2*z(h). Let u(v) = -v**3 + v**2 - v - 2. Let j be u(0). Determine x(j).
0
Let l(y) = -3*y**2 + 15*y + 18. Let q(i) = -i**2 + 8*i + 9. Let m(a) = 2*l(a) - 5*q(a). Calculate m(-8).
7
Let n(c) = c**3 - 10*c**2 + 8*c + 10. Let q be n(9). Let u(s) = q + 1 + s - 3 - 1. Give u(5).
3
Let t = 14 - 13. Let s(p) = -p**3 + p**2 + 1. Let n(z) = 4*z**3 - 9*z**2 - 6. Let v(m) = t*n(m) + 3*s(m). Give v(6).
-3
Suppose -f + 2 = -4*m + 12, -4*m + 4 = -4*f. Let y(x) = -x - x**2 + 9 - 3 - f. Give y(-3).
-2
Let j(h) = -h. Let r = 16 - 12. Suppose -3*f - r*i = -f + 6, -4*i = -2*f + 10. What is j(f)?
-1
Let r = -11 - -17. Let b(s) = s - 1. Let y(c) = -5*c + 11. Let p(m) = r*b(m) + y(m). Give p(-3).
2
Let a be ((-6)/4)/(3/(-10)). Let q(g) = -g - 1. Determine q(a).
-6
Let z be -6 + 9 - (-5)/((-10)/(-6)). Let n(u) = u**3 - 6*u**2 + 2*u - 7. Determine n(z).
5
Let h(j) be the first derivative of j**4/2 + 2*j**3/3 - j**2 + 11. Let l = -6 - -8. Suppose 4*r - l*a = 2, -3*r - 3*a - 26 = a. Give h(r).
-4
Let u = 4 + -2. Let c be (-2)/5*(-10)/u. Let d(h) = h**3 - h**2 + 4*h - 3. Calculate d(c).
9
Let h(l) = -l**2 + 8*l - 4. Let g be h(7). Suppose -39 = -g*x - 3. Suppose w = 5*y - 4, -y - 2*w = w + x. Let c(f) = -f - 2. Calculate c(y).
-2
Let m be ((-4)/6)/((-5)/45). Let v(i) = -4*i**2 - 22*i - 24. Let w(u) = -3*u**2 - 15*u - 16. Let l(d) = 5*v(d) - 7*w(d). Give l(m).
-2
Suppose 3*g + 5*v + 38 = 0, 4*v + 12 + 10 = -g. Let k(m) = m**2 + 7*m + 9. Let w be k(g). Let i(c) = 0*c**3 + 3*c**2 - c + 0*c**3 - 2 - c**3. Calculate i(w).
-5
Let l(a) = -a**3 - 6*a**2 - 6*a - 1. Let b(g) = g**3 + g**2 - 1. Suppose -f + 3 - 1 = 0. Suppose -f - 2 = 2*t. Let j be b(t). What is l(j)?
4
Suppose 0 = h - 2*h. Suppose -2*p + h*p = -6. Let a(f) = 0 + 2 - f**3 - 3*f + 4*f**2 + f**3 - f**3. Give a(p).
2
Let i(r) = -7*r**2 - 15*r**2 + 35*r**2 + 0 + 1. What is i(1)?
14
Let c be 2/1 + 2 + -1. Let t(w) = -w + 2 - 5*w + c*w. Suppose -p - 1 = 0, -2 + 16 = 3*g - 5*p. What is t(g)?
-7
Let g(o) = o**2 - 3*o + 4. Let x be g(3). Let p(s) = -4*s + 2. What is p(x)?
-14
Let u = 3 - -6. Suppose -5*y = 15, -4*d + 2*y + u = -d. Let h(p) = -p**3 + p**2 - p. Let m(c) = 3*c**2 - 4*c + 1. Let n(v) = -3*h(v) + m(v). Determine n(d).
3
Let x(b) be the second derivative of -b**5/20 - b**4 - 2*b**3 - 7*b**2 - 29*b. Give x(-11).
-3
Let t = -11 +